.
-5
Calculate -2 + 17 + (-21 - (-19 + 3)).
10
What is -16 + 20 + -3 + 1 - -3?
5
What is (1 - -1) + -1 + 43 + -43 - 0?
1
What is the value of (12 - 3) + (-5 - 15)?
-11
Calculate -27 - 1 - (18 - 31 - 3).
-12
-4 - ((-15 - -21) + (11 - -12))
-33
Calculate 37 + -51 + 6 + -6 + 39.
25
What is 0 + -33 - (148 - 162)?
-19
(-6 + -8 - -15) + 6
7
10 - (16 + (1 - 5)) - -23
21
Evaluate 7 + 0 + (-30 + 46 - 34).
-11
-9 - (1 - 8 - (-65 + 56))
-11
What is the value of (-5 - 25) + 19 + 0?
-11
What is the value of (20 + -24 - 8) + -10?
-22
Evaluate -1 + -5 + (9 + -23 - -11).
-9
What is -1 + -4 + (1 - 0) + -8?
-12
(12 - 14 - 10) + 15
3
Calculate -2 - (14 - 16 - 5).
5
Calculate (26 - 19) + 34 - 54.
-13
-3 + -1 + (16 - 12)
0
Calculate 0 - 0 - (8 + -28 + 10 - -17).
-7
Calculate -21 - (-45 + 11 - 1).
14
What is the value of 15 + 0 + (-17 - -15)?
13
(11 - (-22 + 39)) + (0 - 3)
-9
Calculate 17 - 0 - (-553 - -570).
0
Evaluate -20 + (1 - -1) - (1116 - 1154).
20
Calculate 0 + -6 + 7 + 0.
1
Evaluate -1 - -22 - (153 + -142).
10
What is (16 - 22) + 1 - -10?
5
What is the value of 12 + -37 + (16 - (21 + -14))?
-16
What is 38 + -4 + -19 - 1 - 16?
-2
What is (1 - 4 - -12) + (67 - 67)?
9
6 + (36 - 19) + -6
17
What is the value of -5 + 1 - (4 + -13) - (-18 - -3)?
20
Calculate -6 + (-9 - -18) + -11 + -1 - -1.
-8
Evaluate 7 + 1 + -1 - (23 + 35 + -12).
-39
What is 7 + -2 + -2 + 3 + (-27 - -2)?
-19
What is the value of -12 + (1 - -16) - -10?
15
What is -61 - -76 - (7 + 0 + (-5 - -1))?
12
(-2 - -1 - (-9 - -3)) + (2 - 1)
6
What is -3 - (3 + -9) - (-14 + -3 + 19)?
1
Evaluate (7 + 6 + -12 - (2 + -5)) + -17.
-13
(-9 - 1) + 4 + 16 - (3 + -2)
9
(4 - (35 + -24)) + (14 - 2)
5
What is the value of -8 - -6 - (-9 + 9 - (-1 - -11))?
8
What is the value of 16 - (13 - -3) - (0 + 14)?
-14
Calculate 7 - (33 + -2 + -12 + -8).
-4
What is -39 - (-21 - (-22 - (-4 - 7))) - -8?
-21
Calculate 1 + (6 - (8 - 0 - -9)).
-10
-8 - ((-4 - 22) + 5 - (-4 - 3))
6
Calculate 53 + -45 - (0 - -16).
-8
What is 1 + 8 + 163 + -192 + 9?
-11
Evaluate -20 - (-27 - (21 + -59)).
-31
What is -1 - 22 - (98 - 113)?
-8
What is the value of -14 + -2 + (51 - 29)?
6
9 - 12 - (0 + -4 + (-6 - -7))
0
What is (-1 - (-4 - 8) - 16) + 26?
21
What is the value of (-1 - 20) + 15 + -2 + 0?
-8
Calculate 24 + (11 - 42) + (1 - -7 - -2).
3
Calculate -9 - -9 - -8 - 4 - (-12 - -2).
14
0 - (-16 + 34 + (1 - 17))
-2
Evaluate -44 + 7 + 2 + 20.
-15
1 + 8 + (0 - (3 + 15))
-9
What is (-26 - -25) + -7 + -8 - 9?
-25
What is the value of 15 - (5 + -3 - -1)?
12
What is 6525 + -6506 - ((-1 - (-1 + 1)) + 6)?
14
What is the value of 5 + 12 + -38 + 3 + -7?
-25
What is (-157 - -158) + -1 + 1?
1
Calculate 7 - 14 - (-3 - (-2 - -11)).
5
-5 + 4 + 1 + 4 - 8
-4
Calculate (2 - 3) + (-17 - -2) - (12 + -9).
-19
Calculate 88 - 98 - (-2 - 2).
-6
What is -350 + 368 - (-1 + 0 - (-8 - -1))?
12
Calculate 7 + (3 + (3 - 4) - (4 - 8)).
13
What is the value of 18 + (-7 - (-2 + 1)) + 510 + -504?
18
What is -5 + 10 + -10 + 10 + (-8 - -2)?
-1
-31 + (-2 - 8 - -11) + 6 + 3
-21
49 + (-59 + 8 - -17)
15
What is the value of (18 - -1) + -1 + -1 - (-201 + 210)?
8
0 + (-2 - 2) + (-2 - -14)
8
What is the value of 5 - (10 + -6) - (-1 - (1 + 10))?
13
Evaluate -7 + 0 + -1 + 6.
-2
-2 - -1 - (0 + 7 + -7 - -2)
-3
(-5 - -9) + -8 - (9 + -2 + -1)
-10
43 + -65 + 23 + -4
-3
(15 - 28 - -2) + -18 + 9
-20
What is the value of -6 - (-30 - (-69 - -24))?
-21
(3 - (-1 - -2)) + (-6 - 3 - -4)
-3
Evaluate 1 - ((-7 - 9) + 4) - (-1 - -2).
12
Evaluate -126 + 123 + -11 + 2.
-12
What is the value of 58 - 59 - (5 + 13)?
-19
What is the value of 5 - (-9 - (-5 + (6 - 3)))?
12
What is -8 + (4 - 10 - -24 - 5)?
5
Evaluate -72 - -83 - (4 + 7).
0
What is -1 + -17 - 1 - (-7 + 1) - -6?
-7
Evaluate 15 - ((38 - 31) + 2 + -22).
28
Evaluate -1 - (-9 + 10 + -4 + -1 + -5).
8
What is the value of 6 - (-1 - -4) - (11 - 2 - -14)?
-20
Evaluate -4 - (-4 + 0) - (15 - 16) - -5.
6
Evaluate -4 + 1 + 42 + (-10 - 30).
-1
Calculate -1 + 1 - (-27 + -21 + 39).
9
-13 + (5 - (1 + -6 + 12)) + 4
-11
Evaluate (-6 - ((-11 - 7) + -8)) + -8.
12
-20 - ((-6 - 4) + -21)
11
What is -1 + -1 + 18 + -37 + 32 - 26?
-15
-20 - (40 + (-24 - 7))
-29
(13 - (1 - (12 + -22))) + -5
-3
What is 20 + 12 - (-9 - -19)?
22
What is (-3 - -5) + (-43 - -67)?
26
What is the value of -14 + (8 - -3 - (46 + -21))?
-28
Calculate -1 - 8 - (1 + 5).
-15
Calculate -3 + 1 - (-10 - 5 - -30).
-17
What is the value of -9 + 4 - (4 + 2 - 10)?
-1
What is -48 + (-29 - (-17 - 31))?
-29
Evaluate (3 - -8) + -5 - ((2 - 6) + -2).
12
Calculate 3 + 19 + -37 + 19.
4
10 - (4 - -6 - (10 - 11))
-1
What is the value of (10 - 7) + -4 + -1 + 6 + -8?
-4
Calculate -2 - -1 - (205 - 202) - -11.
7
Evaluate 7 + -2 - (-45 - -47) - 4.
-1
What is (39 - 42) + (13 - (-2 - 2))?
14
What is the value of -38 + (11 - 9) + 18?
-18
-22 + 10 + (-9 - 1 - -5)
-17
What is the value of 6 - -1 - (16 + 7 - 1)?
-15
Evaluate -1 + -5 + 7 + -16 + 31 + 5.
21
Calculate 1 - 1 - -6 - (18 - (34 - 29)).
-7
What is the value of -21 + (5 + -25 - -39)?
-2
Calculate (-6 - -4) + -15 + (-9 - -12).
-14
What is 1 + 5 + 39 + (-31 - 2)?
12
13 + 0 - ((13 - -55) + -69)
14
Calculate -6 + (-2 - 0) + 3105 + -3107.
-10
20 + -6 + 0 + (6 - (17 + 1))
2
8 + (3 - 0 - (27 + -25) - -7)
16
What is (38 - 43) + 2 + (0 - 2) + -16?
-21
(-8 + 20 - 21) + (-1 - -8)
-2
What is the value of 15 - (-14 + 19 - (-2 - -3))?
11
Evaluate (-28 - -25) + 17 - 13.
1
9 + (-8 - (1 - (16 - 0)))
16
70 - (-29 + 92) - (0 - -1)
6
Calculate 4 - (-46 - -40 - (0 + -3)).
7
Calculate 14 + -9 - 10 - (8 + -10).
-3
Evaluate -145 + 148 + (1 - -6).
10
Calculate (-17 - (-16 - (-3 - 5))) + 31.
22
Calculate (10 + 0 - 16) + (0 - 17).
-23
What is the value of (0 - -6) + (-10 + -13 - -34)?
17
-19 - ((-22 - (20 - 32)) + (1 - -2))
-12
What is the value of -7 - (4 - (1 + 7))?
-3
What is the value of -12 + 50 + -32 + 1?
7
Evaluate (70 - (59 + -14)) + (-8 - -2) + 2.
21
Calculate 27 + 8 + -25 + -6.
4
What is the value of 0 - 0 - (5 - (-14 + -6 + 15))?
-10
Evaluate 3 + 2 - (5 - -1) - -1 - 13.
-13
What is the value of -6 - (-1 + -17 + 11 + 8)?
-7
What is 3 + 4 - (-14 + 26 + -1)?
-4
What is -6 - ((-93 - -67) + (-2 - 0) + 3)?
19
(61 - 55) + 2 + (-2 - 10) - 23
-27
What is -6 - (-14 + (1 - -9) - 19)?
17
(34 - 44) + (3 - -9) + -23 + 0
-21
-9 - (1 + -2) - (-4 + (7 - 4))
-7
Evaluate (1 - 13 - (-315 - -293)) + 1.
11
Evaluate 11 + (-3 + -2 + -2 - (24 + -25)).
5
Evaluate 67 - 86 - (-1 + -14 + -5).
1
What is the value of -41 + 35 + (-8 - -2 - -2)?
-10
Evaluate (-2 + -2 - 3) + 21 + -9.
5
What is 169 + -166 + 9 + 1 + (6 - 1)?
18
15 - (-7 + (52 - -3) + -13)
-20
Calculate 2 + 13 + (102 - 113).
4
Evaluate 19 + -7 - (15 - 1).
-2
What is the value of 9 - -2 - (-14 + (33 - 16 - 13))?
21
Calculate -11 - (-1 + -13 + -25 + 35).
-7
0 + (60 + -9 - 25) - (1 - 5)
30
What is the value of (-1 - -4) + (24 - 15 - 24) + -10?
-22
6 + -29 - (-14 - -4 - (7 - 7))
-13
-10 - (-4 - (4 - (3 - 13)))
8
What is the value of 3 + -2 + 7 + (0 + 6 - 11)?
3
Calculate -11 + -11 + 29 + 0 - -1.
8
11 + (-9 - (13 + 10 - -10)) - -8
-23
Evaluate 0 + -13 - (30 + -30 + -13).
0
Evaluate -8 - (0 - -2 - (42 + -41)).
-9
Evaluate -3 + -8 + -12 - -2 - -1.
-20
What is the value of 4 + -13 + (-36 - -40)?
-5
Evaluate 33 - (-26 + (47 - -25)).
-13
What is the value of (-2 + -13 - -20) + -16?
-11
Evaluate 4 + 4 + -5 - (-3 - -6) - 3.
-3
Evaluate -17 - (-8 + (2 - -16) - 11).
-16
Calculate 0 + -1 + 28 + -39.
-12
What is (-95 - -24) + 39 - -4?
-28
What is (-3 + 2 - -31) + (9 + 6 - 21)?
24
(162 - 143) + (0 - (-6 + 3) - 3)
19
What is (4 - 3) + -3 + -44 + 52 + -10?
-4
Evaluate -5 - (-7 + -2 - (60 - 55)).
9
What is 13 + (-16 - 1 - 9) + 12?
-1
What is -36 - (10 - 27 - -13 - (-1 - -6))?
-27
What is the value of 20 + 8 + -15 - 16?
-3
What is the value of (17 - 0) + 429 + -452?
-6
Evaluate 15 - (8 - 6 - -29).
-16
Calculate (6 - (15 - -23)) + 60.
28
What is 1 - 10 - (-19 - (0 + -8 + -2))?
0
2 - -14 - (61 - 49) - 30
-26
Calculate -14 - (9 + -18) - (1 + 6).
-12
What is the value of (16 - 7) + -35 + 16?
-10
Calculate (18 - (41 + -20)) + 0 + 8 - 22.
-17
-19 + (17 - 14) + 15 + -14
-15
What is the value of 14 + -6 + (-10 + 2 - 6) - -7?
1
What is the value of (-13 - -23 - -3) + 1 + -13?
1
What is -2 + -16 + 2 + (6 - (2 + 2))?
-14
What is the value of (-24 - 1) + 14 + -18 - 1?
-30
Calculate (64 - 57 - (1 +